- 4*d - 64 = 0, -1 = -4*d - 17. Let r = h + g. What is the highest common factor of r and 12?
6
Suppose 3*q = 2*x - 0*q - 21, -2*x + q = -15. Let m = 3 + 22. Suppose 4*o = 97 - m. Calculate the greatest common divisor of o and x.
6
Let g be ((10/(-35))/(1/(-7)))/(-2). Let t(b) = -224*b. Let i be t(g). Calculate the highest common divisor of i and 14.
14
Let d be 6 - 32/(-2)*(-18 + 19). Calculate the highest common factor of d and 539.
11
Let j = 51 + -30. Let f be j/6*7 + 3/(-2). What is the greatest common divisor of 207 and f?
23
Let t(r) = r**2 + 9*r + 5. Let j be t(-7). Let g = 25 + j. Calculate the greatest common divisor of g and 48.
16
Let k be 77/(-21)*(0 + -9). Suppose -147 = 26*y - k*y. Calculate the highest common factor of 42 and y.
21
Suppose -4*f = -m - 55, -2*f = -3*m + 7*m - 50. Calculate the highest common divisor of 120 and f.
15
Suppose -3*c - 36 = c. Suppose -r - 4*b + 151 = 2*r, -5*r = 5*b - 245. Let u be 2/c - (-145)/r. What is the greatest common divisor of 1 and u?
1
Let n(y) = 7*y - 284. Let o be n(41). What is the greatest common factor of o and 93?
3
Let g be 14/(-4)*30/(-1). Suppose 0*k - 40 = -k + 2*u, -g = -4*k - 3*u. Suppose -k = -10*s + 5*s. Calculate the greatest common factor of 36 and s.
6
Let y = 1 - 2. Let s(i) = 66*i**2 + 5. Let j(x) = 65*x**2 + 4. Let b(d) = 4*j(d) - 3*s(d). Let c be b(y). Calculate the highest common factor of c and 21.
21
Let t be (-3531)/535*(-5)/(-6)*-10. Calculate the greatest common factor of t and 22.
11
Suppose x - 4 = 4. Let c be (-54)/81 - (1 + 22/(-6)). What is the greatest common divisor of c and x?
2
Suppose -2*z + 6*z + 16 = 0. Let a = -1 - z. Suppose -2 + 23 = a*n. Calculate the greatest common factor of 14 and n.
7
Let y be ((-432)/14)/(-6)*525/2. Calculate the highest common divisor of 27 and y.
27
Let t = 666 + -661. Calculate the greatest common divisor of t and 40.
5
Let p be (-88)/(1/(3 + -2)). Let c = p + 364. Suppose -c - 108 = -8*s. Calculate the greatest common factor of 12 and s.
12
Let z = 267 - 191. Calculate the greatest common divisor of z and 57.
19
Let v = 2 + -1. Let u(p) = p**3 + 9*p**2 - p. Let g be ((-162)/45)/((-4)/(-10)). Let s be u(g). Calculate the greatest common factor of v and s.
1
Suppose -32*q - 16*q + 1632 = 0. What is the greatest common divisor of 1462 and q?
34
Let o = 662 - 636. What is the highest common factor of o and 598?
26
Suppose -c = -121 - 5. Suppose -b + 4*j = 6*j - c, -3*b + 5*j = -389. What is the greatest common factor of b and 16?
16
Let k = -3693 - -3707. Let x be (54 + 2)*-1*-2. Calculate the greatest common factor of x and k.
14
Let o(q) = -q**3 + 9*q**2 - 8*q - 2. Let r be o(8). Let f = 17 + r. Suppose f = 5*t - 4*t. Calculate the greatest common factor of 120 and t.
15
Suppose 3 + 5 = 4*u. Suppose -3*k + 57*o + 6 = 59*o, -k = -o - 2. Calculate the highest common factor of u and k.
2
Suppose h = 4*j - 10 - 10, 4*j - 20 = -2*h. Suppose -5*d - 61 + 481 = h. Let q = 43 + -29. Calculate the greatest common factor of q and d.
14
Let v(w) = 82*w + 800. Let q be v(-9). Calculate the greatest common factor of q and 4.
2
Let k be -25 + 19 + (-1 - -317). Calculate the greatest common factor of 40 and k.
10
Suppose -3*l - 34 = 2*i, 0 = i - 4*l + 16 + 12. Let f = i + 43. Calculate the greatest common divisor of f and 23.
23
Suppose -3*y + 15 = 3*w - 6*w, -10 = -2*y - 2*w. Let l(t) = 2*t**3 - 4*t**2 - 8*t - 2. Let f be l(y). What is the greatest common factor of f and 12?
12
Suppose -4*r - 4*c + 3156 = 0, 0*r - 5*c = 3*r - 2375. Suppose r = -4*p - 319. Let m = p - -409. Calculate the greatest common factor of 19 and m.
19
Suppose -4*w = -5*w + 11. Let v be (2/4)/((w/6)/11). Calculate the greatest common divisor of 12 and v.
3
Let g be (3/(-4))/((-12)/96). Let d = g + -1. Suppose 5*q - 1 - 19 = -d*u, u = q - 14. What is the highest common factor of 99 and q?
9
Let v = -845 + 857. What is the highest common divisor of 52 and v?
4
Suppose y = -9*y + 4060. Calculate the greatest common factor of y and 58.
58
Let n be (-5 - 1)/(5/(-50)). Suppose 20 = r - n. Calculate the greatest common factor of 32 and r.
16
Let a = -19 + 18. Let i be 1*6/a*-1. What is the greatest common divisor of 54 and i?
6
Suppose 7*a + 1 - 1345 = 0. What is the greatest common factor of 24 and a?
24
Let j = 1386 - 1299. What is the highest common factor of j and 609?
87
Let j(h) = 28*h - 1. Let q be j(-2). Let k be -3 - -6 - (q - -2). Suppose -10 = -0*o - 2*o, 0 = -4*u - 2*o + k. What is the highest common factor of u and 108?
12
Let b = -521 + 1628. What is the greatest common factor of b and 27?
27
Let f be 727 - (2 - (8 - 3)). Calculate the highest common factor of f and 20.
10
Suppose w + 20 = -4*a, 0 = 5*w - 3*w - 8. Let o(g) = -3*g - 5. Let j be o(-5). Let r = j + a. Calculate the greatest common factor of 4 and r.
4
Let i(f) = -2*f**3 + 20*f**2 - 18*f + 5. Let c be i(9). Suppose 0*k - 132 = -3*y + 3*k, y - 42 = 3*k. What is the highest common factor of c and y?
5
Let s be 13 - (-8868)/72 - 1/6. What is the greatest common divisor of 51 and s?
17
Let t = -134 - -148. What is the greatest common divisor of t and 49?
7
Let r = 0 + 2. Let t = 28 + -18. Calculate the highest common factor of r and t.
2
Suppose -3*v - p - 4*p + 158 = 0, -2*v + 99 = -3*p. What is the highest common divisor of v and 51?
51
Let b = 50 + -38. Let v(o) = -o**2 + 6*o - 1. Let a be v(3). What is the highest common divisor of b and a?
4
Suppose -189*z = -187*z - 20. Let t(i) = i**2 + 3*i. Let k be t(-5). Calculate the greatest common divisor of z and k.
10
Let h(v) = 4*v**2 - 18*v - 34. Let m be h(11). Calculate the highest common divisor of m and 90.
18
Let v(g) = -11*g - 2. Let s be v(-3). Let j = s - 27. Calculate the highest common factor of j and 36.
4
Let s = 2057 - 1967. Suppose 26 + 10 = 2*h. What is the greatest common divisor of h and s?
18
Suppose -h - 4123 = -4*t, -5*t = 3*h + 300 - 5475. What is the greatest common divisor of 24 and t?
24
Suppose u + 2*q = 70, 4*q + 0 = 4. Let g(p) = -2*p**3 + 2*p**2 + p + 1. Let i be g(3). Let b = i + u. What is the greatest common factor of b and 4?
4
Let a be 1 + ((-4)/(-2) - 1). Let u(y) = 2 + 3*y**2 + 4*y**a - 5*y + 2*y. Let t be u(5). Calculate the highest common factor of 18 and t.
18
Let d(i) = 2*i**2 + 3*i + 4. Let n be (-1)/3 - 32/12. Let m be d(n). What is the highest common factor of 104 and m?
13
Suppose 1 = 2*z + 83. Let k = z + 17. Let w = 39 + k. Calculate the highest common factor of w and 10.
5
Let x = -359 + 515. Suppose 6*k = 2*k + x. Calculate the greatest common factor of k and 13.
13
Let n(p) = p**2 - 2*p + 2. Let r be n(3). Let a(k) = 5*k**2 - 13*k - k**3 + 20*k - 6 + 0*k**3. Let c be a(r). Calculate the greatest common factor of 145 and c.
29
Let o be 6/(2 + 7/(-4)). Suppose 0 = -a - 112 + 140. Suppose -o*j + a*j = 88. What is the highest common divisor of j and 198?
22
Let j = -168 - -207. What is the greatest common factor of j and 91?
13
Suppose -2*p = -3*f - 19 - 94, -5*f + 217 = 3*p. Calculate the greatest common factor of 48 and p.
16
Let v be 338/3 - (-3 - 11/(-3)). Calculate the highest common divisor of v and 64.
16
Let g(o) = o**2 + 7*o - 15. Let a be g(-9). Suppose -4*n = 3*r - 6, -2*n = 4*r + a*n - 8. Calculate the highest common factor of 22 and r.
2
Suppose -3*r + 39 = -2*r + 4*q, 0 = 2*r + 4*q - 74. Let i(j) = -3*j - 1. Let a be i(-8). Let h = r - a. What is the highest common divisor of h and 8?
4
Suppose -73*c = -77*c - 16, -5*c - 1540 = -5*h. Calculate the highest common divisor of 38 and h.
38
Suppose 5*m - 503 - 622 = -2*a, -a + 595 = -4*m. Calculate the highest common factor of a and 23.
23
Let j = 414 + -262. Let l be (5/15 - 0)*141. Suppose l*i - 51*i + 76 = 0. Calculate the greatest common factor of i and j.
19
Let j be (0 - 112/(-49))*14. What is the greatest common divisor of 32 and j?
32
Suppose -2 = -5*b + 3, -4*u + 3 = -b. Let k(d) = 0*d + u - d + 2 + 1. Let o be k(-4). Calculate the greatest common factor of 4 and o.
4
Suppose -13*x - 189 = -22*x. Calculate the greatest common divisor of x and 903.
21
Let y(z) = -11*z + 4. Suppose 3*n = 3*l - 12, 3*l + 16 = -2*n - 7. Let i be y(n). Calculate the highest common divisor of 9 and i.
9
Suppose 3*q - 2 = 5*x + 38, -5*q = 5*x + 40. Let l be